{"id":136,"date":"2022-05-31T18:26:43","date_gmt":"2022-05-31T18:26:43","guid":{"rendered":"http:\/\/enterprisemindfactory.com\/?page_id=136"},"modified":"2022-05-31T18:26:43","modified_gmt":"2022-05-31T18:26:43","slug":"software-engineering","status":"publish","type":"page","link":"https:\/\/enterprisemindfactory.com\/?page_id=136","title":{"rendered":"Software Engineering"},"content":{"rendered":"<div id='av_section_1'  class='avia-section main_color avia-section-default avia-no-border-styling  avia-bg-style-scroll  avia-builder-el-0  el_before_av_one_full  avia-builder-el-first   container_wrap sidebar_right' style=' '  ><div class='container' ><main  role=\"main\" itemprop=\"mainContentOfPage\"  class='template-page content  av-content-small alpha units'><div class='post-entry post-entry-type-page post-entry-136'><div class='entry-content-wrapper clearfix'>\n<div class=\"flex_column av_two_fifth  flex_column_div av-zero-column-padding first  avia-builder-el-1  el_before_av_three_fifth  avia-builder-el-first  \" style='border-radius:0px; '><article  class=\"iconbox iconbox_left    avia-builder-el-2  avia-builder-el-no-sibling  \"  itemscope=\"itemscope\" itemtype=\"https:\/\/schema.org\/CreativeWork\" ><div class=\"iconbox_content\"><header class=\"entry-content-header\"><div class=\"iconbox_icon heading-color\" aria-hidden='true' data-av_icon='\ue833' data-av_iconfont='entypo-fontello'  ><\/div><h3 class='iconbox_content_title  '  itemprop=\"headline\"  >Software Engineering<\/h3><\/header><div class='iconbox_content_container  '  itemprop=\"text\"  ><p><em>Mit unserer technischen Expertise, k\u00f6nnen wir Ihnen ma\u00dfgeschneidete Big Data und Real-Time\u00a0L\u00f6sungen anbieten<\/em><\/p>\n<\/div><\/div><footer class=\"entry-footer\"><\/footer><\/article><\/div><div class=\"flex_column av_three_fifth  flex_column_div av-zero-column-padding   avia-builder-el-3  el_after_av_two_fifth  el_before_av_one_full  \" style='border-radius:0px; '><div   data-size='featured'  data-lightbox_size='large'  data-animation='slide'  data-conditional_play=''  data-ids='3522'  data-video_counter='0'  data-autoplay='false'  data-bg_slider='false'  data-slide_height=''  data-handle='av_slideshow'  data-interval='5'  data-class=' avia-builder-el-4  avia-builder-el-no-sibling  '  data-el_id=''  data-css_id=''  data-scroll_down=''  data-control_layout='av-control-default'  data-custom_markup=''  data-perma_caption=''  data-autoplay_stopper=''  data-image_attachment=''  data-min_height='0px'  data-default-height='28.666666666667'  class='avia-slideshow avia-slideshow-1  av-control-default av-default-height-applied avia-slideshow-featured av_slideshow  avia-builder-el-4  avia-builder-el-no-sibling   avia-slide-slider '  itemprop=\"image\" itemscope=\"itemscope\" itemtype=\"https:\/\/schema.org\/ImageObject\" ><ul class='avia-slideshow-inner ' style='padding-bottom: 47.777777777778%;' ><li  class=' av-single-slide slide-1 ' ><div data-rel='slideshow-1' class='avia-slide-wrap '   ><img class=\"wp-image-3522\"  src=\"https:\/\/enterprisemindfactory.com\/wp-content\/uploads\/2022\/05\/softwareing_1-900x430.jpg\" width='900' height='430' title='softwareing_1' alt=''  itemprop=\"thumbnailUrl\"   \/><\/div><\/li><\/ul><\/div><\/div><div class=\"flex_column av_one_full  flex_column_div av-zero-column-padding first  avia-builder-el-5  el_after_av_three_fifth  avia-builder-el-last  \" style='border-radius:0px; '><section class=\"av_textblock_section \"  itemscope=\"itemscope\" itemtype=\"https:\/\/schema.org\/CreativeWork\" ><div class='avia_textblock  '   itemprop=\"text\" ><p>Viele Unternehmen haben Ihre Prozess- und Systemlandschaften \u00fcber Jahre entwickelt, die\u00a0unternehmenskritisch sind\u00a0und\u00a0eine behutsame Integration der ,,Big Data Analytics&#8220; Plattform erfordern.\u00a0So kann z.B. die Preiskalkulation in der Analytic Platform durchgef\u00fchrt werden und es mittels Schnittstelle in das ERP System Ihres\u00a0Unternehmen \u00fcbertragen werden.<\/p>\n<p>EnterpriseMind unterst\u00fctzt Sie dabei, die ,,Big Data Analytics&#8220; und ,,Real-Time Analytics&#8220; Plattformen in Ihre Prozess und System Landschaft zu integrieren. Dazu konzipieren wir die Systemarchitektur und implementieren diese in Ihrer ,,Private Cloud&#8220;. Mit unserer Expertise in Java\/Scala programmieren wir die entsprechenden Schnittstellen und Dienste. Dar\u00fcber hinaus k\u00f6nnen wir Ihnen auch Web-Applikationen z.B. zur Real-Time \u00dcberwachung realisieren.<\/p>\n<\/div><\/section><\/div><\/div><\/div><\/main><!-- close content main element --><\/div><\/div><div id='after_section_1'  class='main_color av_default_container_wrap container_wrap sidebar_right' style=' '  ><div class='container' ><div class='template-page content  av-content-small alpha units'><div class='post-entry post-entry-type-page post-entry-136'><div class='entry-content-wrapper clearfix'><div class=\"flex_column av_one_full  flex_column_div av-zero-column-padding first  avia-builder-el-7  el_after_av_section  avia-builder-el-no-sibling  \" style='border-radius:0px; '><p><div  style='padding-bottom:10px; ' class='av-special-heading av-special-heading-h3    avia-builder-el-8  el_before_av_iconlist  avia-builder-el-first  '><h3 class='av-special-heading-tag '  itemprop=\"headline\"  >Unserer Leistungsumfang<\/h3><div class='special-heading-border'><div class='special-heading-inner-border' ><\/div><\/div><\/div><br \/>\n<div  class='avia-icon-list-container   avia-builder-el-9  el_after_av_heading  avia-builder-el-last '><ul class='avia-icon-list avia-icon-list-left av-iconlist-big avia_animate_when_almost_visible avia-iconlist-animate'>\n<li><div  class='iconlist_icon  avia-font-entypo-fontello'><span class='iconlist-char ' aria-hidden='true' data-av_icon='\ue898' data-av_iconfont='entypo-fontello'><\/span><\/div><article class=\"article-icon-entry \"  itemscope=\"itemscope\" itemtype=\"https:\/\/schema.org\/CreativeWork\" ><div class='iconlist_content_wrap'><header class=\"entry-content-header\"><h4 class='av_iconlist_title iconlist_title   '  itemprop=\"headline\"  >Implementierung<\/h4><\/header><div class='iconlist_content  '  itemprop=\"text\"  ><p>Ausgehend von Ihrer Anforderungen an Big-Data und Analytics\u00a0L\u00f6sung konzipieren wir die Systemarchitektur der Plattform und implementieren diese in Ihrer ,,Private Cloud\u201c.<\/p>\n<\/div><\/div><footer class=\"entry-footer\"><\/footer><\/article><div class='iconlist-timeline'><\/div><\/li>\n<li><div  class='iconlist_icon  avia-font-entypo-fontello'><span class='iconlist-char ' aria-hidden='true' data-av_icon='\ue898' data-av_iconfont='entypo-fontello'><\/span><\/div><article class=\"article-icon-entry \"  itemscope=\"itemscope\" itemtype=\"https:\/\/schema.org\/CreativeWork\" ><div class='iconlist_content_wrap'><header class=\"entry-content-header\"><h4 class='av_iconlist_title iconlist_title   '  itemprop=\"headline\"  >Spark Jobs<\/h4><\/header><div class='iconlist_content  '  itemprop=\"text\"  ><p>Grunds\u00e4tzlich k\u00f6nnen Sie Auswertungen und Analysen in unserer Cloud-Suite erstellen. Aus Sicherheits und Geschwindigkeitsgr\u00fcnden werden diese Programme oft als Spark-Jobs durchgef\u00fchrt. Dabei \u00fcbernehmen wir die Analyse Scripte aus der Analytics Suite und erstellen die entsprechenden Java Programme damit Sie diese als\u00a0Spark Jobs durchf\u00fchren k\u00f6nnen.<\/p>\n<\/div><\/div><footer class=\"entry-footer\"><\/footer><\/article><div class='iconlist-timeline'><\/div><\/li>\n<li><div  class='iconlist_icon  avia-font-entypo-fontello'><span class='iconlist-char ' aria-hidden='true' data-av_icon='\ue898' data-av_iconfont='entypo-fontello'><\/span><\/div><article class=\"article-icon-entry \"  itemscope=\"itemscope\" itemtype=\"https:\/\/schema.org\/CreativeWork\" ><div class='iconlist_content_wrap'><header class=\"entry-content-header\"><h4 class='av_iconlist_title iconlist_title   '  itemprop=\"headline\"  >Serverdienste\/Schnittstellen<\/h4><\/header><div class='iconlist_content  '  itemprop=\"text\"  ><p>Wir konzipieren Eingangs- und Ausgangsschnittstellen, um die Plattform mit Ihrer Systemlandschaft und Prozesslandschaft\u00a0zu integrieren. Dar\u00fcber hinaus k\u00f6nnen Ergebnisse und Informationen als Dienste anderen Systemen zur Verf\u00fcgung gesellt werden. Die Umsetzung f\u00fchren wir in\u00a0Java\/Scala \u00a0nach Best-Practice L\u00f6sungsans\u00e4tzen mit den entsprechenden Frameworks durch.<\/p>\n<\/div><\/div><footer class=\"entry-footer\"><\/footer><\/article><div class='iconlist-timeline'><\/div><\/li>\n<li><div  class='iconlist_icon  avia-font-entypo-fontello'><span class='iconlist-char ' aria-hidden='true' data-av_icon='\ue898' data-av_iconfont='entypo-fontello'><\/span><\/div><article class=\"article-icon-entry \"  itemscope=\"itemscope\" itemtype=\"https:\/\/schema.org\/CreativeWork\" ><div class='iconlist_content_wrap'><header class=\"entry-content-header\"><h4 class='av_iconlist_title iconlist_title   '  itemprop=\"headline\"  >Web und Mobile Anwendungen<\/h4><\/header><div class='iconlist_content  '  itemprop=\"text\"  ><p>Wir helfen Ihnen die Ergebnisse Ihrer \u00a0Analysen in Ihre Web-Umgebung zu integrieren oder erstellen Ihnen eigenst\u00e4ndige Web-Applikationen. So k\u00f6nnen Sie z.B. Ihre Echtzeitanalysen Als Real-Time Chart darstellen lassen oder Ihren Kunden ausgew\u00e4hlte Produkte anbieten. Wir verf\u00fcgen \u00fcber die Expertise in f\u00fchrenden Webtechnologien wie HTML5, Node.js, Angular.js usw. , um Ihnen ma\u00dfgeschneiderte L\u00f6sungen anbieten zu k\u00f6nnen.<\/p>\n<\/div><\/div><footer class=\"entry-footer\"><\/footer><\/article><div class='iconlist-timeline'><\/div><\/li>\n<li><div  class='iconlist_icon  avia-font-entypo-fontello'><span class='iconlist-char ' aria-hidden='true' data-av_icon='\ue898' data-av_iconfont='entypo-fontello'><\/span><\/div><article class=\"article-icon-entry \"  itemscope=\"itemscope\" itemtype=\"https:\/\/schema.org\/CreativeWork\" ><div class='iconlist_content_wrap'><header class=\"entry-content-header\"><h4 class='av_iconlist_title iconlist_title   '  itemprop=\"headline\"  >Support<\/h4><\/header><div class='iconlist_content  '  itemprop=\"text\"  ><p>Damit die geforderte Verf\u00fcgbarkeit sichergestellt\u00a0wird\u00a0unterst\u00fctzen wir Sie bei der Integration des Betriebs der Plattform in Ihre IT-Prozesse und bieten Ihnen auch einen Support f\u00fcr unsere Plattformen an.<\/p>\n<\/div><\/div><footer class=\"entry-footer\"><\/footer><\/article><div class='iconlist-timeline'><\/div><\/li>\n<\/ul><\/div><\/p><\/div><\/p>\n","protected":false},"excerpt":{"rendered":"","protected":false},"author":2,"featured_media":0,"parent":117,"menu_order":0,"comment_status":"closed","ping_status":"closed","template":"","meta":[],"_links":{"self":[{"href":"https:\/\/enterprisemindfactory.com\/index.php?rest_route=\/wp\/v2\/pages\/136"}],"collection":[{"href":"https:\/\/enterprisemindfactory.com\/index.php?rest_route=\/wp\/v2\/pages"}],"about":[{"href":"https:\/\/enterprisemindfactory.com\/index.php?rest_route=\/wp\/v2\/types\/page"}],"author":[{"embeddable":true,"href":"https:\/\/enterprisemindfactory.com\/index.php?rest_route=\/wp\/v2\/users\/2"}],"replies":[{"embeddable":true,"href":"https:\/\/enterprisemindfactory.com\/index.php?rest_route=%2Fwp%2Fv2%2Fcomments&post=136"}],"version-history":[{"count":6,"href":"https:\/\/enterprisemindfactory.com\/index.php?rest_route=\/wp\/v2\/pages\/136\/revisions"}],"predecessor-version":[{"id":3545,"href":"https:\/\/enterprisemindfactory.com\/index.php?rest_route=\/wp\/v2\/pages\/136\/revisions\/3545"}],"up":[{"embeddable":true,"href":"https:\/\/enterprisemindfactory.com\/index.php?rest_route=\/wp\/v2\/pages\/117"}],"wp:attachment":[{"href":"https:\/\/enterprisemindfactory.com\/index.php?rest_route=%2Fwp%2Fv2%2Fmedia&parent=136"}],"curies":[{"name":"wp","href":"https:\/\/api.w.org\/{rel}","templated":true}]}}