{"id":3289,"date":"2016-09-06T13:34:45","date_gmt":"2016-09-06T13:34:45","guid":{"rendered":"http:\/\/c-bps.com\/?page_id=3289"},"modified":"2022-06-09T09:38:43","modified_gmt":"2022-06-09T09:38:43","slug":"ueber-uns","status":"publish","type":"page","link":"https:\/\/enterprisemindfactory.com\/?page_id=3289","title":{"rendered":"\u00dcber Uns"},"content":{"rendered":"<div  style='padding-bottom:10px; color:#67619e;' class='av-special-heading av-special-heading-h3 custom-color-heading   avia-builder-el-0  el_before_av_one_full  avia-builder-el-first  '><h3 class='av-special-heading-tag '  itemprop=\"headline\"  >Willkommen bei der EnterpriseMind GmbH<\/h3><div class='special-heading-border'><div class='special-heading-inner-border' style='border-color:#67619e'><\/div><\/div><\/div>\n<div class=\"flex_column av_one_full  flex_column_div av-zero-column-padding first  avia-builder-el-1  el_after_av_heading  el_before_av_hr  \" style='border-radius:0px; '><section class=\"av_textblock_section \"  itemscope=\"itemscope\" itemtype=\"https:\/\/schema.org\/CreativeWork\" ><div class='avia_textblock  '   itemprop=\"text\" ><p>Die Produkte und Dienstleistungen der EnterpriseMind GmbH haben das Ziel die Qualit\u00e4t und Geschwindigkeit von gesch\u00e4ftlichen Entscheidungen zu verbessern, deren Schlagkraft zu erh\u00f6hen, die Gesch\u00e4ftsprozesse zu beschleunigen und die Wertsch\u00f6pfung der Daten zu erh\u00f6hen. Dadurch erm\u00f6glicht es Unternehmen, schneller zu wachsen, neue Gesch\u00e4ftsfelder zu erschlie\u00dfen, Betriebskosten zu senken und Risiken zu reduzieren.<\/p>\n<p><strong>UNSER VERSPRECHEN AN UNSERE KUNDEN<\/strong><br \/>\nEnterpriseMind ist bestrebt&#8230;<\/p>\n<ul>\n<li>mit unseren Stakeholdern zusammenzuarbeiten und gemeinsam die digitale Transformation zu\u00a0realisieren,<\/li>\n<li>das Beste in allen Bereichen zu erreichen,<\/li>\n<li>Vertrauen in unseren Gesch\u00e4ftsbeziehungen zu erarbeiten,<\/li>\n<li>Innovationen zu f\u00f6rdern und die Potentiale der neuen Technologien zu nutzen,<\/li>\n<li>die Art und Weise, wie Menschen Information nutzen, zu verbessern.<\/li>\n<\/ul>\n<h4><\/h4>\n<\/div><\/section><\/div>\n<div  style='height:50px' class='hr hr-invisible   avia-builder-el-3  el_after_av_one_full  avia-builder-el-last '><span class='hr-inner ' ><span class='hr-inner-style'><\/span><\/span><\/div>\n","protected":false},"excerpt":{"rendered":"","protected":false},"author":1,"featured_media":0,"parent":3287,"menu_order":0,"comment_status":"open","ping_status":"open","template":"","meta":[],"_links":{"self":[{"href":"https:\/\/enterprisemindfactory.com\/index.php?rest_route=\/wp\/v2\/pages\/3289"}],"collection":[{"href":"https:\/\/enterprisemindfactory.com\/index.php?rest_route=\/wp\/v2\/pages"}],"about":[{"href":"https:\/\/enterprisemindfactory.com\/index.php?rest_route=\/wp\/v2\/types\/page"}],"author":[{"embeddable":true,"href":"https:\/\/enterprisemindfactory.com\/index.php?rest_route=\/wp\/v2\/users\/1"}],"replies":[{"embeddable":true,"href":"https:\/\/enterprisemindfactory.com\/index.php?rest_route=%2Fwp%2Fv2%2Fcomments&post=3289"}],"version-history":[{"count":2,"href":"https:\/\/enterprisemindfactory.com\/index.php?rest_route=\/wp\/v2\/pages\/3289\/revisions"}],"predecessor-version":[{"id":4121,"href":"https:\/\/enterprisemindfactory.com\/index.php?rest_route=\/wp\/v2\/pages\/3289\/revisions\/4121"}],"up":[{"embeddable":true,"href":"https:\/\/enterprisemindfactory.com\/index.php?rest_route=\/wp\/v2\/pages\/3287"}],"wp:attachment":[{"href":"https:\/\/enterprisemindfactory.com\/index.php?rest_route=%2Fwp%2Fv2%2Fmedia&parent=3289"}],"curies":[{"name":"wp","href":"https:\/\/api.w.org\/{rel}","templated":true}]}}